the prime factors of 13426166.
2, 13, 516391
List the prime factors of 629420.
2, 5, 11, 2861
What are the prime factors of 146242?
2, 73121
List the prime factors of 27356.
2, 7, 977
List the prime factors of 21022542.
2, 3, 1167919
What are the prime factors of 349834?
2, 174917
List the prime factors of 13339570.
2, 5, 53, 25169
List the prime factors of 47005.
5, 7, 17, 79
What are the prime factors of 2099046?
2, 3, 349841
What are the prime factors of 6859819?
23, 101, 2953
List the prime factors of 632851.
632851
List the prime factors of 13552329.
3, 7, 503, 1283
List the prime factors of 1558056.
2, 3, 64919
List the prime factors of 27868.
2, 6967
List the prime factors of 1637892.
2, 3, 45497
List the prime factors of 538187.
13, 41399
What are the prime factors of 33458?
2, 16729
What are the prime factors of 136279?
11, 13, 953
What are the prime factors of 279288?
2, 3, 431
List the prime factors of 1183768.
2, 73, 2027
What are the prime factors of 560760?
2, 3, 5, 4673
List the prime factors of 4035492.
2, 3, 112097
What are the prime factors of 6183017?
6183017
List the prime factors of 24529393.
7, 43, 227, 359
List the prime factors of 1138013.
83, 13711
List the prime factors of 206557.
13, 15889
List the prime factors of 12924087.
3, 11, 391639
What are the prime factors of 8974469?
7, 31, 41357
What are the prime factors of 2777300?
2, 5, 27773
What are the prime factors of 461338?
2, 251, 919
What are the prime factors of 3131745?
3, 5, 281, 743
What are the prime factors of 1250212?
2, 312553
What are the prime factors of 357202?
2, 178601
What are the prime factors of 1604862?
2, 3, 7, 47, 271
List the prime factors of 1259174.
2, 7, 53, 1697
What are the prime factors of 95912?
2, 19, 631
What are the prime factors of 219521?
17, 37, 349
What are the prime factors of 368702?
2, 184351
List the prime factors of 430730.
2, 5, 19, 2267
What are the prime factors of 6261455?
5, 271, 4621
What are the prime factors of 15866507?
15866507
What are the prime factors of 7832476?
2, 41, 163, 293
List the prime factors of 348879.
3, 116293
List the prime factors of 2601758.
2, 43, 30253
List the prime factors of 1373275.
5, 163, 337
What are the prime factors of 534645?
3, 5, 109
What are the prime factors of 5904333?
3, 72893
What are the prime factors of 58134?
2, 3, 9689
List the prime factors of 39789372.
2, 3, 7, 1381
What are the prime factors of 22079950?
2, 5, 383, 1153
List the prime factors of 275475.
3, 5, 3673
List the prime factors of 21960533.
7, 113, 27763
List the prime factors of 57194.
2, 28597
List the prime factors of 101094.
2, 3, 7, 29, 83
What are the prime factors of 9782997?
3, 7, 61, 1091
What are the prime factors of 60229?
13, 41, 113
List the prime factors of 6980445.
3, 5, 29, 1783
What are the prime factors of 3822555?
3, 5, 11, 23167
What are the prime factors of 63949?
63949
What are the prime factors of 16874715?
3, 5, 11, 13, 7867
What are the prime factors of 8091484?
2, 167, 12113
List the prime factors of 2163721.
7, 103, 3001
What are the prime factors of 32813956?
2, 7, 1171927
List the prime factors of 172763.
31, 5573
What are the prime factors of 11600984?
2, 607, 2389
What are the prime factors of 144017?
79, 1823
List the prime factors of 756847.
7, 13, 8317
List the prime factors of 28601866.
2, 281, 50893
What are the prime factors of 1661621?
13, 127817
What are the prime factors of 429174?
2, 3, 113, 211
What are the prime factors of 1068674?
2, 19, 28123
List the prime factors of 53592.
2, 3, 7, 11, 29
What are the prime factors of 3982541?
29, 191, 719
What are the prime factors of 37265502?
2, 3, 307, 20231
List the prime factors of 435359.
435359
What are the prime factors of 183115?
5, 53, 691
List the prime factors of 30222.
2, 3, 23, 73
List the prime factors of 3168062.
2, 1584031
What are the prime factors of 1744429?
1744429
What are the prime factors of 12598975?
5, 503959
What are the prime factors of 1425678?
2, 3, 23, 10331
List the prime factors of 3898892.
2, 53, 347
List the prime factors of 2089600.
2, 5, 653
What are the prime factors of 10420364?
2, 2605091
What are the prime factors of 126134?
2, 63067
List the prime factors of 6892895.
5, 1378579
What are the prime factors of 8104635?
3, 5, 7, 11, 2339
List the prime factors of 21032832.
2, 3, 54773
What are the prime factors of 146908?
2, 19, 1933
List the prime factors of 10688174.
2, 7, 109063
List the prime factors of 121069.
13, 67, 139
List the prime factors of 12179763.
3, 839, 1613
List the prime factors of 45837.
3, 11, 463
List the prime factors of 14094187.
67, 210361
List the prime factors of 128021.
128021
List the prime factors of 399164.
2, 73, 1367
What are the prime factors of 159578?
2, 73, 1093
What are the prime factors of 2043?
3, 227
List the prime factors of 1141690.
2, 5, 11, 97, 107
List the prime factors of 336011.
13, 25847
List the prime factors of 273719.
273719
What are the prime factors of 79300?
2, 5, 13, 61
What are the prime factors of 1013669?
19, 31, 1721
List the prime factors of 21669419.
167, 129757
What are the prime factors of 257645?
5, 227
What are the prime factors of 252882?
2, 3, 7, 223
List the prime factors of 18526532.
2, 17, 272449
List the prime factors of 836230.
2, 5, 17, 4919
List the prime factors of 38990609.
7, 5570087
What are the prime factors of 28035339?
3, 9345113
What are the prime factors of 1059228?
2, 3, 29423
What are the prime factors of 632455?
5, 126491
List the prime factors of 158771.
158771
What are the prime factors of 29585?
5, 61, 97
What are the prime factors of 192102?
2, 3, 101, 317
What are the prime factors of 518549?
29, 17881
What are the prime factors of 436025?
5, 107, 163
List the prime factors of 1066086.
2, 3, 7, 8461
List the prime factors of 465509.
11, 101, 419
What are the prime factors of 817903?
23, 43, 827
List the prime factors of 13630983.
3, 41, 110821
What are the prime factors of 2240999?
53, 42283
List the prime factors of 102327.
3, 23, 1483
What are the prime factors of 2309813?
11, 209983
What are the prime factors of 6240840?
2, 3, 5, 131, 397
List the prime factors of 903113.
59, 15307
What are the prime factors of 41638?
2, 109, 191
What are the prime factors of 1251118?
2, 11, 29, 37, 53
What are the prime factors of 30813198?
2, 3, 13, 43, 9187
What are the prime factors of 5795220?
2, 3, 5, 96587
What are the prime factors of 255248?
2, 7, 43, 53
What are the prime factors of 498070?
2, 5, 49807
What are the prime factors of 2852807?
2852807
What are the prime factors of 1001784?
2, 3, 7, 67, 89
List the prime factors of 2758215.
3, 5, 183881
List the prime factors of 540490.
2, 5, 54049
List the prime factors of 21732.
2, 3, 1811
List the prime factors of 261958.
2, 227, 577
What are the prime factors of 57760?
2, 5, 19
List the prime factors of 801332.
2, 7, 28619
What are the prime factors of 8377072?
2, 11, 4327
What are the prime factors of 3748826?
2, 43, 43591
What are the prime factors of 521794?
2, 7, 13, 47, 61
List the prime factors of 1693238.
2, 61, 13879
List the prime factors of 714948.
2, 3, 13, 4583
What are the prime factors of 1966760?
2, 5, 49169
List the prime factors of 3045542.
2, 1522771
List the prime factors of 7209526.
2, 3604763
What are the prime factors of 161334?
2, 3, 8963
List the prime factors of 1223650.
2, 5, 24473
List the prime factors of 19501812.
2, 3, 11, 37
What are the prime factors of 118841?
23, 5167
What are the prime factors of 1323291?
3, 181, 2437
List the prime factors of 292726.
2, 7, 29, 103
What are the prime factors of 18590695?
5, 3718139
What are the prime factors of 421393?
7, 37, 1627
List the prime factors of 103121.
101, 1021
List the prime factors of 13698814.
2, 6849407
List the prime factors of 3639322.
2, 311, 5851
List the prime factors of 11527998.
2, 3, 1223, 1571
List the prime factors of 8490633.
3, 17, 229, 727
What are the prime factors of 382347?
3, 7, 17
What are the prime factors of 2014926?
2, 3, 335821
List the prime factors of 736885.
5, 147377
List the prime factors of 226924.
2, 56731
List the prime factors of 8782895.
5, 11, 23, 53, 131
What are the prime factors of 2970714?
2, 3, 495119
List the prime factors of 4046